{"id":5,"date":"2015-06-08T16:59:38","date_gmt":"2015-06-08T13:59:38","guid":{"rendered":"http:\/\/hankkeet.kuntoutussaatio.fi\/koulutus\/?page_id=5"},"modified":"2016-01-11T15:09:20","modified_gmt":"2016-01-11T13:09:20","slug":"materiaalipankki","status":"publish","type":"page","link":"https:\/\/hankkeet.kuntoutussaatio.fi\/koulutus\/materiaalipankki\/","title":{"rendered":"Materiaalipankki"},"content":{"rendered":"<p>Hankkeen kaikki materiaali l\u00f6ytyy n\u00e4ilt\u00e4 sivuilta.<\/p>\n","protected":false},"excerpt":{"rendered":"<p class=\"excerpt\">Hankkeen kaikki materiaali l\u00f6ytyy n\u00e4ilt\u00e4 sivuilta.<\/p>\n","protected":false},"author":1,"featured_media":0,"parent":0,"menu_order":0,"comment_status":"open","ping_status":"open","template":"","meta":[],"_links":{"self":[{"href":"https:\/\/hankkeet.kuntoutussaatio.fi\/koulutus\/wp-json\/wp\/v2\/pages\/5"}],"collection":[{"href":"https:\/\/hankkeet.kuntoutussaatio.fi\/koulutus\/wp-json\/wp\/v2\/pages"}],"about":[{"href":"https:\/\/hankkeet.kuntoutussaatio.fi\/koulutus\/wp-json\/wp\/v2\/types\/page"}],"author":[{"embeddable":true,"href":"https:\/\/hankkeet.kuntoutussaatio.fi\/koulutus\/wp-json\/wp\/v2\/users\/1"}],"replies":[{"embeddable":true,"href":"https:\/\/hankkeet.kuntoutussaatio.fi\/koulutus\/wp-json\/wp\/v2\/comments?post=5"}],"version-history":[{"count":3,"href":"https:\/\/hankkeet.kuntoutussaatio.fi\/koulutus\/wp-json\/wp\/v2\/pages\/5\/revisions"}],"predecessor-version":[{"id":290,"href":"https:\/\/hankkeet.kuntoutussaatio.fi\/koulutus\/wp-json\/wp\/v2\/pages\/5\/revisions\/290"}],"wp:attachment":[{"href":"https:\/\/hankkeet.kuntoutussaatio.fi\/koulutus\/wp-json\/wp\/v2\/media?parent=5"}],"curies":[{"name":"wp","href":"https:\/\/api.w.org\/{rel}","templated":true}]}}